
Convert -33 (base 8) to base 9.
-30
4 (base 13) to base 12
4
What is -b (base 14) in base 6?
-15
-209 (base 10) to base 4
-3101
What is 5 (base 15) in base 4?
11
Convert -5 (base 10) to base 3.
-12
What is -9 (base 11) in base 8?
-11
What is 3 (base 14) in base 2?
11
4 (base 10) to base 11
4
What is 2 (base 8) in base 5?
2
What is 4 (base 10) in base 8?
4
-4 (base 14) to base 13
-4
Convert 14 (base 5) to base 11.
9
1 (base 14) to base 6
1
10 (base 8) to base 9
8
What is -2 (base 10) in base 3?
-2
What is -12 (base 10) in base 8?
-14
What is -306 (base 7) in base 5?
-1103
What is -7 (base 8) in base 9?
-7
-3 (base 13) to base 7
-3
Convert -1011 (base 5) to base 10.
-131
What is 54 (base 8) in base 15?
2e
Convert 130 (base 5) to base 14.
2c
-303 (base 6) to base 15
-76
-117 (base 8) to base 9
-87
Convert 0 (base 12) to base 16.
0
-1 (base 4) to base 16
-1
What is 5 (base 9) in base 3?
12
What is 50 (base 12) in base 11?
55
Convert 4 (base 12) to base 2.
100
What is 111011 (base 2) in base 8?
73
Convert -11 (base 14) to base 6.
-23
Convert -a (base 14) to base 13.
-a
7 (base 14) to base 6
11
Convert -2 (base 4) to base 13.
-2
What is -1 (base 9) in base 6?
-1
What is 20 (base 3) in base 12?
6
20 (base 11) to base 13
19
-1 (base 15) to base 7
-1
-30 (base 9) to base 15
-1c
Convert 0 (base 9) to base 10.
0
Convert 0 (base 12) to base 7.
0
Convert -7 (base 14) to base 11.
-7
Convert 132 (base 15) to base 16.
110
Convert -5 (base 10) to base 15.
-5
What is 10001 (base 2) in base 6?
25
What is 30 (base 4) in base 10?
12
-46 (base 15) to base 7
-123
What is 2121 (base 3) in base 2?
1000110
What is -2 (base 16) in base 14?
-2
Convert 16 (base 13) to base 12.
17
-121 (base 10) to base 11
-100
Convert -14 (base 9) to base 6.
-21
Convert -36 (base 13) to base 6.
-113
Convert 4 (base 7) to base 2.
100
Convert 58 (base 16) to base 6.
224
What is 54 (base 6) in base 10?
34
What is -22 (base 7) in base 3?
-121
-ab (base 15) to base 12
-115
Convert -3 (base 12) to base 5.
-3
Convert -21100 (base 3) to base 16.
-c6
-27 (base 11) to base 9
-32
-4 (base 6) to base 3
-11
What is -5 (base 16) in base 12?
-5
What is 1 (base 7) in base 11?
1
-221 (base 4) to base 5
-131
-2 (base 13) to base 16
-2
-15 (base 11) to base 6
-24
-2 (base 3) to base 10
-2
What is -3 (base 12) in base 5?
-3
Convert d6 (base 14) to base 10.
188
What is -19 (base 11) in base 6?
-32
Convert -11010101 (base 2) to base 8.
-325
-131 (base 5) to base 2
-101001
What is -3 (base 4) in base 9?
-3
1001 (base 2) to base 11
9
Convert -b8 (base 13) to base 16.
-97
-7 (base 13) to base 5
-12
What is 5 (base 9) in base 4?
11
What is 54 (base 14) in base 11?
68
82 (base 14) to base 13
8a
26 (base 15) to base 14
28
What is -16 (base 12) in base 9?
-20
-13 (base 14) to base 10
-17
What is -b (base 15) in base 12?
-b
Convert -9 (base 11) to base 3.
-100
Convert 45 (base 7) to base 11.
30
What is -2 (base 11) in base 6?
-2
21 (base 10) to base 6
33
What is 52 (base 9) in base 11?
43
3 (base 11) to base 14
3
Convert 100110 (base 2) to base 10.
38
Convert -111000 (base 2) to base 15.
-3b
-10 (base 2) to base 14
-2
What is a0 (base 15) in base 4?
2112
-100011110 (base 2) to base 13
-190
9 (base 12) to base 16
9
0 (base 12) to base 2
0
Convert -6 (base 13) to base 8.
-6
4 (base 13) to base 11
4
Convert -33 (base 6) to base 14.
-17
10 (base 6) to base 9
6
What is -9a (base 11) in base 10?
-109
0 (base 2) to base 8
0
Convert -11 (base 10) to base 5.
-21
98 (base 12) to base 10
116
Convert -107 (base 12) to base 7.
-304
Convert -2 (base 8) to base 9.
-2
Convert -3 (base 10) to base 12.
-3
Convert 3 (base 10) to base 13.
3
Convert 87 (base 13) to base 11.
a1
What is -7 (base 10) in base 5?
-12
What is -114 (base 16) in base 15?
-136
What is d (base 15) in base 4?
31
What is 10 (base 2) in base 5?
2
Convert -103 (base 4) to base 14.
-15
What is -1054 (base 6) in base 7?
-505
-1 (base 10) to base 12
-1
Convert 11 (base 2) to base 14.
3
-1010 (base 2) to base 3
-101
70 (base 13) to base 10
91
What is 100 (base 3) in base 5?
14
Convert -1011 (base 2) to base 9.
-12
What is -3a (base 12) in base 10?
-46
What is -10b (base 15) in base 11?
-1a5
Convert 1 (base 9) to base 13.
1
-49 (base 15) to base 7
-126
-49 (base 11) to base 12
-45
What is 201 (base 5) in base 2?
110011
Convert c (base 16) to base 9.
13
Convert -38 (base 12) to base 5.
-134
Convert 172 (base 14) to base 10.
296
12 (base 5) to base 8
7
Convert 79 (base 11) to base 4.
1112
What is 91 (base 10) in base 11?
83
Convert -1 (base 13) to base 4.
-1
What is 3b (base 12) in base 14?
35
6 (base 15) to base 12
6
12 (base 4) to base 2
110
Convert 11 (base 2) to base 13.
3
-15 (base 9) to base 5
-24
Convert 111000 (base 2) to base 13.
44
-9 (base 14) to base 11
-9
-31 (base 6) to base 11
-18
Convert 187 (base 12) to base 15.
117
-67 (base 16) to base 3
-10211
Convert 1021 (base 3) to base 14.
26
What is -207 (base 12) in base 5?
-2140
43 (base 13) to base 15
3a
What is 102 (base 3) in base 12?
b
12121 (base 3) to base 7
304
-1 (base 11) to base 6
-1
Convert 31 (base 6) to base 11.
18
10 (base 3) to base 14
3
-1011 (base 3) to base 15
-21
Convert -1 (base 13) to base 5.
-1
What is ac (base 16) in base 7?
334
What is 2 (base 5) in base 12?
2
Convert 21 (base 3) to base 14.
7
What is -149 (base 11) in base 3?
-20110
What is 10 (base 3) in base 14?
3
Convert -4 (base 15) to base 3.
-11
Convert -26 (base 9) to base 6.
-40
What is -62 (base 7) in base 6?
-112
Convert -1 (base 15) to base 12.
-1
Convert 48 (base 10) to base 7.
66
What is 22 (base 5) in base 4?
30
What is -30 (base 6) in base 13?
-15
4 (base 11) to base 4
10
What is 1 (base 12) in base 8?
1
-1 (base 3) to base 5
-1
What is -1 (base 16) in base 4?
-1
Convert 0 (base 3) to base 5.
0
-6 (base 9) to base 10
-6
10 (base 3) to base 15
3
Convert 4 (base 13) to base 15.
4
Convert -45 (base 6) to base 5.
-104
What is 3 (base 12) in base 7?
3
What is 1 (base 16) in base 9?
1
Convert -2 (base 6) to base 11.
-2
What is 514 (base 8) in base 10?
332
Convert 6 (base 12) to base 2.
110
100 (base 6) to base 7
51
What is 114 (base 9) in base 3?
10111
-132 (base 4) to base 8
-36
What is 154 (base 8) in base 15?
73
Convert 0 (base 13) to base 5.
0
-2 (base 14) to base 15
-2
-1001 (base 2) to base 13
-9
What is -3 (base 4) in base 14?
-3
What is 101 (base 2) in base 10?
5
Convert -97 (base 15) to base 16.
-8e
Convert -23 (base 10) to base 13.
-1a
Convert -7 (base 11) to base 13.
-7
-4 (base 14) to base 3
-11
What is 1 (base 12) in base 5?
1
What is -53 (base 9) in base 5?
-143
110 (base 8) to base 5
242
What is 3331 (base 4) in base 5?
2003
Convert 288 (base 10) to base 9.
350
Convert 42 (base 9) to base 15.
28
12 (base 3) to base 11
5
-c (base 13) to base 11
-11
What is -101 (base 3) in base 13?
-a
-e (base 15) to base 10
-14
20 (base 3) to base 12
6
What is -22 (base 10) in base 15?
-17
-1311 (base 5) to base 13
-12b
What is -43 (base 14) in base 4?
-323
What is -2 (base 5) in base 14?
-2
10001 (base 2) to base 3
122
Convert 2 (base 12) to base 2.
10
Convert -267 (base 10) to base 6.
-1123
3 (base 12) to base 10
3
c (base 16) to base 5
22
-164 (base 9) to base 7
-256
-2 (base 16) to base 8
-2
What is 23 (base 5) in base 7?
16
Convert 3 (base 15) to base 10.
3
Convert 104 (base 6) to base 9.
44
What is 28 (base 13) in base 10?
34
What is 4 (base 8) in base 7?
4
-b0 (base 12) to base 6
-340
What is -1011 (base 2) in base 16?
-b
Convert -7 (base 8) to base 4.
-13
What is 43 (base 6) in base 2?
11011
Convert -11 (base 3) to base 9.
-4
What is 44 (base 16) in base 10?
68
-15a (base 15) to base 2
-100110110
Convert 130 (base 8) to base 7.
154
What is 5 (base 12) in base 15?
5
Convert -4 (base 5) to base 4.
-10
4 (base 6) to base 3
11
Convert 12 (base 5) to base 6.
11
10010001 (base 2) to base 8
221
What is -190 (base 11) in base 9?
-264
Convert 2 (base 11) to base 2.
10
Convert -27 (base 16) to base 2.
-100111
0 (base 14) to base 8
0
Convert a (base 11) to base 10.
10
-20 (base 6) to base 9
-13
What is 29 (base 13) in base 10?
35
What is -4b (base 12) in base 8?
-73
-1011 (base 2) to base 13
-b
Convert -21 (base 10) to base 2.
-10101
1 (base 12) to base 11
1
What is -11 (base 14) in base 16?
-f
Convert -10 (base 10) to base 6.
-14
